 the prime factors of 4043462.
2, 43, 47017
List the prime factors of 51339432.
2, 3, 2139143
List the prime factors of 134577023.
7, 29, 662941
List the prime factors of 2326899385.
5, 593, 784789
List the prime factors of 111831548.
2, 277, 100931
What are the prime factors of 120418209?
3, 61, 421, 521
What are the prime factors of 3960606598?
2, 13, 901367
List the prime factors of 374556898.
2, 59, 241, 13171
List the prime factors of 391247707.
17, 41, 13691
List the prime factors of 64804445.
5, 12960889
What are the prime factors of 63164811?
3, 2347, 8971
What are the prime factors of 300834385?
5, 31, 281, 6907
What are the prime factors of 1699076869?
7, 242725267
What are the prime factors of 27176761?
17, 1598633
What are the prime factors of 2520344941?
8821, 285721
What are the prime factors of 2970112062?
2, 3, 149, 3322273
What are the prime factors of 134426300?
2, 5, 929, 1447
What are the prime factors of 52973407?
1741, 30427
List the prime factors of 5077497111.
3, 1692499037
What are the prime factors of 11858806?
2, 5929403
What are the prime factors of 1475281365?
3, 5, 139, 251, 2819
What are the prime factors of 3594422493?
3, 133126759
What are the prime factors of 2711002504?
2, 7, 61, 107, 7417
List the prime factors of 253720317.
3, 151, 560089
List the prime factors of 1429463607.
3, 11, 13, 3332083
What are the prime factors of 4448085?
3, 5, 23, 12893
What are the prime factors of 628212846?
2, 3, 19, 23, 263, 911
List the prime factors of 2164065355.
5, 432813071
List the prime factors of 736591910.
2, 5, 167, 441073
What are the prime factors of 72516725?
5, 2900669
List the prime factors of 4434867743.
197, 22512019
List the prime factors of 11258776.
2, 23, 43, 1423
List the prime factors of 1011899302.
2, 19, 26628929
What are the prime factors of 229661205?
3, 5, 3821, 4007
What are the prime factors of 69576585?
3, 5, 13, 356803
List the prime factors of 1025590009.
1301, 788309
What are the prime factors of 771936854?
2, 13, 2039, 14561
What are the prime factors of 35366417?
35366417
What are the prime factors of 545412866?
2, 272706433
List the prime factors of 325441642.
2, 17, 1747, 5479
List the prime factors of 465601471.
61, 113, 67547
What are the prime factors of 540764500?
2, 5, 23, 59, 797
What are the prime factors of 69896578?
2, 137, 255097
List the prime factors of 2629551036.
2, 3, 7, 31304179
What are the prime factors of 201513722?
2, 47, 2143763
What are the prime factors of 522730484?
2, 17, 41, 269
List the prime factors of 17269791.
3, 7, 11, 74761
List the prime factors of 2554802858.
2, 12911, 98939
What are the prime factors of 111436203?
3, 61, 608941
List the prime factors of 44045124.
2, 3, 127, 28901
List the prime factors of 46545961.
7, 11, 149, 4057
What are the prime factors of 551596981?
13, 31, 1368727
What are the prime factors of 2473020503?
79, 179, 977
List the prime factors of 440244089.
1301, 338389
What are the prime factors of 62405789?
6833, 9133
What are the prime factors of 640036199?
11, 31, 41, 45779
List the prime factors of 58233698.
2, 29116849
List the prime factors of 30124346.
2, 7, 1033, 2083
List the prime factors of 4296821332.
2, 17, 63188549
List the prime factors of 224166572.
2, 7, 37, 30911
What are the prime factors of 1079886277?
2027, 532751
What are the prime factors of 1964122095?
3, 5, 13, 59, 79, 2161
What are the prime factors of 49312818?
2, 3, 17, 29, 5557
What are the prime factors of 26665468?
2, 89, 74903
What are the prime factors of 249518230?
2, 5, 13, 197, 9743
List the prime factors of 151982127.
3, 11, 29, 52937
What are the prime factors of 84408974?
2, 13, 3246499
What are the prime factors of 6842356?
2, 19, 90031
What are the prime factors of 1441393429?
7, 283, 853
What are the prime factors of 22327420?
2, 5, 1116371
What are the prime factors of 5913039?
3, 11, 59, 3037
What are the prime factors of 1798626808?
2, 11, 4259, 4799
List the prime factors of 82696918.
2, 41, 1008499
List the prime factors of 269605613.
269605613
What are the prime factors of 896509483?
896509483
List the prime factors of 3876858812.
2, 41, 23639383
What are the prime factors of 3825550466?
2, 1912775233
What are the prime factors of 44736797?
7, 6390971
List the prime factors of 40261823.
7, 1283, 4483
What are the prime factors of 1344592389?
3, 7, 257, 35591
What are the prime factors of 556012258?
2, 23, 509, 23747
What are the prime factors of 7319814?
2, 3, 97, 12577
What are the prime factors of 1664930484?
2, 3, 7, 29, 75941
What are the prime factors of 354514208?
2, 41, 270209
List the prime factors of 4215327451.
29, 1871, 77689
List the prime factors of 108961381.
17, 29, 13001
List the prime factors of 213047676.
2, 3, 1181, 5011
What are the prime factors of 74800323?
3, 13, 17, 37607
What are the prime factors of 36161529?
3, 53, 227431
What are the prime factors of 3251436064?
2, 101607377
List the prime factors of 31935605.
5, 13, 17, 28901
List the prime factors of 187908586.
2, 653, 143881
What are the prime factors of 133575707?
179, 746233
List the prime factors of 348715415.
5, 293, 238031
What are the prime factors of 37000695?
3, 5, 19, 6833
What are the prime factors of 572208246?
2, 3, 53, 199933
List the prime factors of 331454865.
3, 5, 7, 17, 41, 647
What are the prime factors of 66654653?
13, 683, 7507
List the prime factors of 129448485.
3, 5, 23, 181, 691
List the prime factors of 124981069.
19, 6577951
What are the prime factors of 2368198534?
2, 13, 151, 603209
What are the prime factors of 3706333397?
13, 271, 1052039
What are the prime factors of 824558539?
7, 117794077
List the prime factors of 3549340466.
2, 7, 151, 11119
What are the prime factors of 5516352?
2, 3, 61, 157
List the prime factors of 3878275642.
2, 1939137821
List the prime factors of 13577709.
3, 277, 16339
List the prime factors of 917180107.
17, 227, 237673
What are the prime factors of 618288802?
2, 61, 251, 331
What are the prime factors of 1168943813?
59, 19812607
List the prime factors of 696616452.
2, 3, 7, 167, 16553
List the prime factors of 29301137.
29301137
List the prime factors of 173560763.
19, 853, 10709
What are the prime factors of 224782062?
2, 3, 37463677
What are the prime factors of 627707662?
2, 439, 547, 1307
List the prime factors of 3748787954.
2, 1874393977
List the prime factors of 347906618.
2, 83, 2095823
List the prime factors of 409630956.
2, 3, 7, 19, 256661
List the prime factors of 1247238003.
3, 11, 29, 1303279
What are the prime factors of 1112041683?
3, 79, 149, 3499
What are the prime factors of 3891265823?
61, 63791243
List the prime factors of 1659106648.
2, 1151, 180181
List the prime factors of 741207816.
2, 3, 1321, 7793
What are the prime factors of 954823012?
2, 11, 13, 23, 72577
List the prime factors of 545757160.
2, 5, 13, 1049533
What are the prime factors of 72078288?
2, 3, 179, 8389
What are the prime factors of 388169844?
2, 3, 1259, 25693
List the prime factors of 543427541.
543427541
List the prime factors of 30797985.
3, 5, 61, 97, 347
What are the prime factors of 262627138?
2, 4723, 27803
What are the prime factors of 1055836533?
3, 31, 11353081
What are the prime factors of 22056980?
2, 5, 11, 107, 937
What are the prime factors of 220775681?
7, 2447, 12889
List the prime factors of 2114313403.
2114313403
List the prime factors of 50229969.
3, 113, 148171
What are the prime factors of 6683009004?
2, 3, 7, 19, 155087
What are the prime factors of 145640912?
2, 9102557
List the prime factors of 1426043708.
2, 17, 19, 1103749
What are the prime factors of 2915775805?
5, 15017, 38833
What are the prime factors of 114735066?
2, 3, 149, 128339
List the prime factors of 127489865.
5, 25497973
What are the prime factors of 687556138?
2, 47, 491, 14897
What are the prime factors of 6202053234?
2, 3, 13, 26504501
What are the prime factors of 285586139?
97, 1423, 2069
List the prime factors of 437389026.
2, 3, 72898171
List the prime factors of 99100091.
83, 283, 4219
What are the prime factors of 91487004?
2, 3, 7, 47, 23173
What are the prime factors of 2887093443?
3, 13, 74028037
List the prime factors of 142527687.
3, 47509229
List the prime factors of 928556896.
2, 29017403
W